
Let f(x) = 13*x**3 + 2*x**2 + x + 2. Suppose -5*z - 8 = 2. Let t be f(z). What is the tens digit of t/(-10) + 4/10?
1
Let y = 2 - -2. Suppose -w + 0*w - 4*u + 1 = 0, y*w = 3*u + 4. What is the units digit of w?
1
Let r = 5 - 3. Suppose -g = -r + 3. What is the units digit of 2 + (-2)/g*1?
4
Suppose -3*x + 0 + 5 = -o, -4*x = -3*o - 5. What is the tens digit of 2 + o/(-2)*-26?
1
Let r = 25 - -17. Let t be ((-26)/4)/((-7)/r). Suppose -2*f = -5*f + t. What is the units digit of f?
3
Let t(m) = -4*m + 3. Let h = 5 + -11. What is the units digit of t(h)?
7
Suppose 19 = -3*i + 5*v, 2*i - 4*v + 16 = -0*i. What is the units digit of i?
2
Suppose -545 = 3*k - 8*k. What is the units digit of k?
9
Let d = -5 - -10. Suppose -41 = -4*k - d. What is the units digit of k?
9
What is the hundreds digit of 110/1 + 2 - -3?
1
Let a(x) = 7*x - 6. What is the units digit of a(5)?
9
Let b(s) = -8*s**2 - 4*s - 3. Let t(u) = u**2 + 1. Let o(r) = -b(r) - 5*t(r). What is the units digit of o(3)?
7
Suppose 2*b + 0*m - 25 = -3*m, -52 = -4*b - 4*m. What is the tens digit of b?
1
Suppose -5*j = -6*j + 4*o, 5*o = -j. What is the units digit of (15 + j)*(-4)/(-12)?
5
Let r(q) = -q**2 - 12*q + 11. Let m be -8 + (-3 - (-3 + 3)). What is the units digit of r(m)?
2
Suppose -u + 111 = 3*i - 221, -5*i - 3*u = -560. What is the tens digit of i?
0
Let p = 81 + -54. What is the units digit of p?
7
Suppose -2*d = -0 - 4. Let v(p) = 3*p + p + p - d - 2*p**2 - p**3. What is the tens digit of v(-4)?
1
Let w = 121 + -76. What is the units digit of w?
5
Let j be (2 + 26/(-3))*-3. Suppose -4*v + 2*v + 5*k - j = 0, -4*k + 16 = -4*v. Suppose -5*i + 5 = -v*i. What is the units digit of i?
1
Let t be ((-3)/6)/(3/(-6)). What is the units digit of t - (-1 - -2)*-15?
6
Let o(d) = d**2 + 4*d - 5. Let y be o(-5). Suppose y = -2*z - z + 135. What is the tens digit of z?
4
Let j = 79 + -29. What is the units digit of j?
0
Let c = -4 - -10. Suppose -c = -3*z + 3. Let j = 7 - z. What is the units digit of j?
4
Let d = 7 - 34. Let r = -13 - d. What is the tens digit of r?
1
Let g(l) = l**3 + 3*l**2 + 3*l + 2. Let r be g(-2). Suppose -q + 32 = -r*q. What is the units digit of q?
2
What is the units digit of (-125)/(-2)*((-16)/(-10))/2?
0
Suppose 0 = s + 13 + 1. Let g = 7 - s. What is the units digit of g?
1
Let k = -6 - -6. Suppose k*y = y - 21. What is the units digit of y?
1
Suppose 3*v - 24 - 12 = 0. Suppose 4*c - 3*c + v = 0. What is the units digit of c/(-5)*(-20)/(-6)?
8
Suppose 5*w = 9*w + 32. Let b(j) = -j**3 - 9*j**2 - 10*j + 3. What is the units digit of b(w)?
9
Let c = 8 - 13. Let v(n) = n**3 + 14*n**2 + 13*n + 5. Let i be v(-13). What is the units digit of ((-2)/i)/(c/75)?
6
Suppose 0 = n - 0*n - 3. Suppose 2 = 3*b + 8. What is the units digit of b/n + 145/15?
9
Let l = 0 - 1. What is the units digit of (l - -36)*4/10?
4
Let k(j) be the third derivative of -j**5/60 - j**4/24 + j**3/6 + j**2. Let m be k(2). Let l(x) = -x - 1. What is the units digit of l(m)?
4
Let s(g) = g**2 + 5*g + 4. Let n be s(-5). Suppose 2*v = n*f + 38, 24 + 10 = v - 5*f. What is the units digit of v?
9
Let u(g) = -72*g - 9. What is the units digit of u(-2)?
5
Let g = -27 - -29. Suppose 7*z - 105 = g*z. What is the tens digit of z?
2
Let y(s) = 2*s - 6. What is the units digit of y(4)?
2
Let f(x) = x**2 - 2*x - 8. Let g be f(-6). Suppose 3*j = -j + g. What is the tens digit of j?
1
Suppose -3*j - 4 = -4*c - 79, -c + 102 = 5*j. What is the tens digit of j?
2
Let j be (-3)/(-4) + 77/4. Suppose 0 = 2*r + 2*r - j. What is the units digit of r?
5
Let k = 22 - 12. What is the units digit of (-28)/(-5) + 4/k?
6
Let k(x) = -2*x - 10. Let t(j) = -j. Let n(p) = -k(p) + 3*t(p). Let h be n(8). What is the units digit of (2/3)/(h/9)?
3
Suppose s - 5*s + 250 = -3*c, -5*s + c + 318 = 0. What is the units digit of s?
4
Suppose -2*h + 2 = 5*n, 5*n - 6*h - 18 = -4*h. Suppose -4*o = -30 + n. What is the units digit of o?
7
Let i be (-9)/6*(-2)/1. Suppose -i*z + 0*z = -3*v - 12, -5*z + 12 = -v. Suppose 3*w - u - 7 = -0*u, -z*w + 4*u = 2. What is the units digit of w?
3
Suppose -4*j + 20 = -0*j + 4*r, -5*r = -j - 1. Suppose -k - 1 = 0, 4*h + k - 35 = j*k. Let t = h - 4. What is the units digit of t?
4
Suppose 3*x = 4*x. Suppose q = -x*q + 3. What is the units digit of q?
3
Let q = -7 + 9. Suppose -3*h + 20 = b, q*h = 5*b + 7 + 12. What is the units digit of h?
7
Suppose 9 = -3*v, -3*v = -3*y - 0*y - 3. Let z be 42/15 - (42/15 + -2). What is the units digit of -34*(z/y + 0)?
7
What is the tens digit of 1*(-1591)/(-9) + (-6)/(-27)?
7
Let l be (-16 - 0)/((-4)/24). Suppose -69 = -3*c + 2*w, l = 4*c - 0*w - 4*w. What is the tens digit of c?
2
Let q = -54 - -85. Let m = q + 37. Suppose 0*g - 4*b - m = -4*g, -9 = -3*b. What is the units digit of g?
0
Let n(c) = -c**3 - 14*c**2 - 16*c - 3. Let y(i) = -2*i**2 - 4*i + 3. Let f be y(2). Let o be n(f). Suppose 5*m = 2*m + o. What is the tens digit of m?
1
Let u be 2 + 10 + 3 + 0. What is the tens digit of 9/(-12)*-4 + u?
1
Let m(t) = -t**3 + 3*t + 5. Let h(l) = -l**3 + l**2 + 4*l + 6. Let y(p) = 4*h(p) - 5*m(p). Let v be y(-3). What is the units digit of 5 - (-5)/(v/2)?
7
Let n = 230 - 125. What is the hundreds digit of n?
1
Let i = 121 + 25. Let m = i + -96. What is the units digit of m?
0
Suppose -2*u = -6*u. Suppose -3*m + 29 = n, 2*m = -n - 3*m + 35. Suppose 0*o - 4*o + n = u. What is the units digit of o?
5
Let d(b) = 16*b - 2. What is the hundreds digit of d(12)?
1
Suppose 0*k + 3*k - 255 = 0. What is the units digit of k?
5
Suppose 5*s = -4*x + 212, 0 = 4*x + 4*s - 2*s - 212. What is the tens digit of x?
5
Suppose 3*r + 61 + 92 = 0. What is the tens digit of (12/(-9))/4*r?
1
Suppose -2*v + v - 5*g + 232 = 0, -2*v + g = -420. What is the tens digit of v?
1
Let c(u) = -5*u**3 + u**2 + 3*u + 1. What is the tens digit of c(-2)?
3
Let d(c) be the third derivative of -c**5/60 - c**4/4 - c**3/3 - 4*c**2. What is the units digit of d(-5)?
3
Let c(d) = 2*d - 5. Let o be c(5). Let g = -8 + o. Let n = -2 - g. What is the units digit of n?
1
Let b be 2/8 + 1347/(-12). Let v be b/(-20) - (-3)/(-5). Suppose 3*n - 17 = -2*y + 23, -55 = -3*n - v*y. What is the tens digit of n?
1
Suppose 0 = -4*x + x - 3. Let k be (-14)/4*x*2. Let t = 11 - k. What is the units digit of t?
4
Let z be (-2)/(-4) - 3/(-2). Let b = -10 - -12. Suppose -b*w = -0*n + z*n - 20, 4*w = -12. What is the tens digit of n?
1
Let o(h) = 2*h - 1. Let y(a) = a + 7. Let k be y(-5). Suppose 3*d = d + k. What is the units digit of o(d)?
1
Suppose 0 = 4*w + 3*j + 6, -3*j + 6*j + 6 = 5*w. Suppose -2*x + 85 + 5 = w. Suppose -2*s + x = 3*s. What is the units digit of s?
9
Suppose -k = -1 - 3. Suppose 12 = -2*j + k*j. What is the units digit of j?
6
Suppose 1233 = 42*q - 33*q. What is the units digit of q?
7
Let j be (-27)/(-3 - (-9)/6). Suppose -2*t = -8 - j. Suppose -2*w + 3 + t = 0. What is the units digit of w?
8
Suppose 58 = 2*c - p, 0 = -4*p - p - 10. What is the tens digit of c?
2
Let b = -128 + 313. What is the units digit of b?
5
Let j(m) = m**2 + 4*m + 1. Let h be j(-6). Let u = h - -8. What is the units digit of u?
1
Let l(a) be the third derivative of a**4/12 - 5*a**3/3 + 2*a**2. What is the units digit of l(7)?
4
Suppose 0 = -v - 0 + 18. What is the units digit of v?
8
Suppose 2*u + 4*f - f = 3, -24 = -5*u - 2*f. Suppose 0 = -2*q + u, 0*t + 3*q = -4*t + 177. What is the units digit of t?
2
Suppose 0 = -4*z - 4*x + 20, 0 = -z - z - 3*x + 12. Let v = -9 + z. Let g(h) = h**3 + 6*h**2 - h - 2. What is the units digit of g(v)?
4
Let u be 55/10 + 1/2. Suppose -u = -3*r + 2*r. What is the units digit of r?
6
Suppose 4*v - 338 = -t, -5*t + 1722 = 3*v + v. What is the hundreds digit of t?
3
Suppose x = 3*x - 8. Suppose x*d - 4*u = 32, 3*u = -3*d - 0*u + 36. What is the units digit of d?
0
Let k(v) = -8*v - 5. Let q be ((-1)/3)/((-6)/(-90)). Let f be k(q). Let l = 55 - f. What is the units digit of l?
0
Let v(g) = -2*g - 2. Let i(r) = 11*r + 12. Let l(j) = -6*i(j) - 34*v(j). Let c = -16 + 20. What is the units digit of l(c)?
4
Let c = -22 + 162. What is the units digit of c?
0
What is the tens digit of ((-522)/(-63))/(2/14)?
5
Let y(n) = -n**3 + 9*n**2 - 8*n + 9. Let h(a) = a**2 + 10*a - 9. Let o be h(-7). Let t be (-36)/o*(-20)/(-3). What is the un